Suppose -4*l = 3*o - 938, -33*o + 31*o + l + 640 = 0. List the prime factors of o.
2, 3, 53
Let g be 2/(-2) + -2*10. Let r(a) = -6*a - 1. Let t be r(-6). Let u = g + t. List the prime factors of u.
2, 7
Let a(u) = -u**2 - 9*u - 10. Let c be a(-6). Suppose -c*o + 540 = o. What are the prime factors of o?
2, 3, 5
Let j = -3278 + 6225. List the prime factors of j.
7, 421
What are the prime factors of (-4)/2 - 4*3*-74?
2, 443
Let p = -20 - -37. Suppose 4*h - p - 19 = 0. Let l = h + 0. List the prime factors of l.
3
Suppose 6 = 3*a - 3. Suppose 4*x + 8 = -2*o, -x + 2 = -a*x - 2*o. List the prime factors of (-2)/x - 68/(-6).
2, 3
What are the prime factors of (-449526)/(-88) - 4/16?
2, 1277
Suppose 3*h - 180 = 5*x + 81, 225 = -4*x - 3*h. Let o = x - -82. What are the prime factors of o?
2, 7
Let o be 7 - -34 - (-2 - 1). Let u = -7 + o. What are the prime factors of u?
37
Let w be (-3)/6*-4*(-11)/(-2). Suppose 0 = w*p - 264 - 187. List the prime factors of p.
41
What are the prime factors of 14808/4*56/84?
2, 617
Suppose -8*r = -9*r - 3. Let h be 2 + (0 - (r - -3)). Suppose a + 2*a + 2*z - 33 = 0, -55 = -5*a - h*z. List the prime factors of a.
11
Suppose -43*l = -0*l - 59770. What are the prime factors of l?
2, 5, 139
Let n = -1 + 93. Suppose 5*d + n = -73. Let x = -15 - d. List the prime factors of x.
2, 3
Suppose -3*x + 3285 = -i - 0*i, x + 4*i = 1095. Suppose 0 = -4*a + 5*u + 867, 4*a + 3*u = -220 + x. List the prime factors of a.
2, 109
Let q = -12 - -14. Let j be 12/(-4) + 126/q. Suppose -f + j = 2*f. What are the prime factors of f?
2, 5
Let y = 1383 - 271. List the prime factors of 2/7 + y/28.
2, 5
Let n be 16/6*(-24)/16. List the prime factors of (3 - (-14)/n)/((-1)/188).
2, 47
Suppose h - 2*l - 2*l - 155 = 0, 0 = 4*h + 2*l - 530. Suppose 4*v = v + h. What are the prime factors of v?
3, 5
Suppose -24*u + 8*u = -56224. List the prime factors of u.
2, 7, 251
Suppose 0 = 2*g - 6 - 8. Let n = -3 + g. Suppose 0*r - 60 = -n*r. List the prime factors of r.
3, 5
Let w(t) = -t**3 - 5*t**2 + 3*t - 13. Let y be w(-6). Let f(d) = y - 9*d + 12*d**2 - 6 + 8*d. What are the prime factors of f(-2)?
7
List the prime factors of (1/4 + 11672/32)*1.
5, 73
Suppose -9*c = -11385 - 9423. What are the prime factors of c?
2, 17
Suppose -m + 3*p + 2335 = 0, 8*m - 11*m + 4*p = -6995. What are the prime factors of m?
17, 137
Suppose -2820 = -8*c + 2*c. List the prime factors of c.
2, 5, 47
Suppose -3*b + 13 = i, 3*b - i - 2 = 15. Suppose -b*v = -0*v - 455. List the prime factors of v.
7, 13
Suppose 10*d - 2*s = 8*d + 1956, -3*d + 2949 = 2*s. List the prime factors of d.
3, 109
Let a(z) = -z**2 - 1 + 8*z - 13*z + 0*z**2 + 4. Let f be a(-5). Suppose -f*x + 8 = x. List the prime factors of x.
2
What are the prime factors of ((-494)/95)/((-1)/20)*4?
2, 13
Let h be (7 + -11)*18/8. Let k = h + 13. List the prime factors of (0 - -1)*152/k.
2, 19
Suppose 3*a = -a + 24. Suppose 0*j = a*j - 480. What are the prime factors of j?
2, 5
Let n be ((-10)/(-15))/((-2)/444). What are the prime factors of (-3)/9 - n/3?
7
Let i = 18 - 30. Let p be 3/(45/i)*-5. What are the prime factors of 222/10 + p/(-20)?
2, 11
Let f be 1 + -4 - (-3)/1. Suppose f = 6*w - w. Let l = 13 + w. List the prime factors of l.
13
Suppose 37 + 13 = 5*p. Let x = p + 7. Let v = -15 + x. What are the prime factors of v?
2
Let o(w) be the second derivative of -w**4/12 + 25*w**3/6 - 27*w**2 - 3*w. List the prime factors of o(21).
2, 3, 5
Suppose 0*m = -m + 7. What are the prime factors of (m*-9 + 2)*-1?
61
Let p(r) = 6*r**2. Let c be p(-1). Suppose 2*u - c*u - 28 = 4*h, u - 2*h = 8. Let f = u - -5. List the prime factors of f.
3
Let s be (-1 - -9) + -3 + -3. Suppose 2*n - 280 = s*k, 5*n - 5*k = -2*k + 708. What are the prime factors of n?
2, 3
Suppose -421 = -4*l + 227. What are the prime factors of l?
2, 3
Let o(p) = -24*p + 24. Suppose 10*g = 5*g - 40. What are the prime factors of o(g)?
2, 3
Suppose 0 = -5*c - 0*c - 30. Let z(r) be the second derivative of r**5/20 + 5*r**4/12 - 5*r**3/6 + 4*r**2 - 33*r. List the prime factors of z(c).
2
Suppose p = r - 340, 5*r - 7*r = 2*p - 692. List the prime factors of r.
7
Let f be 2/(-5) + (-1)/(15/24). What are the prime factors of (2 + 16/(-6))*573/f?
191
Suppose k + 3*k + 3*r + 10 = 0, 2 = -r. Let m = -1 - k. Let w(d) = -d**2 + d + 4. What are the prime factors of w(m)?
2
Suppose 4*q = -39 - 253. Let g = 69 - q. List the prime factors of g.
2, 71
What are the prime factors of ((-6)/5)/((-18)/5535)?
3, 41
Let u = -31 - -19. What are the prime factors of (44/12)/((-2)/u)?
2, 11
Suppose -1225*t + 1237*t - 7560 = 0. What are the prime factors of t?
2, 3, 5, 7
Let u(k) = -k**3 - 13*k**2 + 13*k - 12. Let d be (-132)/11*2/(-6). Let z be ((-2)/d)/(1/28). What are the prime factors of u(z)?
2
Let y = -4 + 16. Suppose y - 8 = 2*r. Suppose 0 = -2*k - r*k + 88. List the prime factors of k.
2, 11
Suppose -5*q = 3*f - 52, q = -9*f + 4*f + 72. Suppose 350 = -f*h + 16*h. List the prime factors of h.
5, 7
Let t(o) = -o**2 - 2*o + 4. Let d be t(0). Suppose 0 = -3*j + d*y + 214, j - y = -2*j + 229. List the prime factors of j.
2, 3, 13
Suppose -5*y - 4*t = -9*t - 280, 158 = 3*y - t. Let b = y + 109. Suppose 4*i = -i + b. List the prime factors of i.
2
Suppose 0 = 8*a - 1051 - 93. Suppose -3*z = -163 - a. List the prime factors of z.
2, 3, 17
Suppose 170*b = 167*b + 14475. What are the prime factors of b?
5, 193
Let j = 714 + -450. List the prime factors of j.
2, 3, 11
Let l(s) = -24*s + 4. Let f(r) = -25*r + 3. Let t(n) = -7*f(n) + 6*l(n). List the prime factors of t(1).
2, 17
Suppose 561 = -5*v - 4*p, 5*v + 121 + 445 = p. Let c = -54 - v. List the prime factors of c.
59
Let g be (1 - 10)*1/(-3)*1. Suppose -2*p = -g*b + 94, -5*p = 1 - 6. List the prime factors of b.
2
Let d be 6*(-10)/((-160)/(-184)). Let l = -27 - 17. Let w = l - d. List the prime factors of w.
5
Let v be 2 + (-4 - (-4)/(-1)). What are the prime factors of (v/9)/(-4 + (-1378)/(-345))?
5, 23
Let y(o) = o**3 - 6*o**2 - 3*o + 1. Let a be y(6). Let q = 15 + a. Let c(k) = 3*k**2 - 1. List the prime factors of c(q).
11
Let v(n) = -3*n**3 + n**2 - 4*n + 7. Let r be v(3). Let j = -50 - r. List the prime factors of j.
3
Let m be 2/(-3)*5562/(-36). Let h = -59 + m. Let o = h + -31. What are the prime factors of o?
13
Let w(p) = p**3 - 6*p**2 + 100*p - 10. List the prime factors of w(18).
2, 17, 167
Let i(q) = q**3 + 12*q**2 + 3*q - 16. Let u be i(-9). Suppose -4*k - 4*x = x + u, -3*x + 12 = 0. Let r = 15 - k. List the prime factors of r.
2, 5, 7
Let m = 2 - 0. Let j be 6/((-1)/((-30)/(-58)) - -2). Suppose p + m*p - j = 0. List the prime factors of p.
2, 3, 5
Let i = -27 + 1488. What are the prime factors of i?
3, 487
Let w(d) = -d**3 + 8*d**2 - 8*d + 6. Let k be w(6). Let r = k - 3. List the prime factors of r.
3
Let t be 0/(-1) + (2 - -2). Let d(a) = a**2 - a + 1. Let b(z) = 8*z**2 - 12*z + 10. Let m(h) = b(h) - 5*d(h). What are the prime factors of m(t)?
5
Suppose g = 5*g + 3*x - 1269, 12 = 4*x. Suppose 915 = 3*m + g. What are the prime factors of m?
2, 5
Let g(t) = -2*t**3 + 41*t**2 + 32*t - 53. What are the prime factors of g(21)?
2, 89
Let k be (-98)/(-8) + (-7)/28. Suppose k*w - 15 = 7*w. List the prime factors of w.
3
Suppose 4*z - 1338 = -0*z + 2*k, -3*z = 4*k - 1009. List the prime factors of z.
5, 67
Let i be (-8 - -5)*606/9. List the prime factors of (6/(-4))/((-6)/i)*-2.
101
Let g(a) = a**3 + 8*a**2 + 2*a + 17. Let l be -2 + 1 - 2 - -6. Suppose 35 = -5*z + 4*d, 0 = l*z - 0*z - 2*d + 21. List the prime factors of g(z).
2, 13
Let v = 1499 + 1218. List the prime factors of v.
11, 13, 19
Suppose 3*c - 1 = -13. List the prime factors of (0 - 78)*c/8.
3, 13
Suppose -357 + 31 = -h. Let c = h + -156. What are the prime factors of c?
2, 5, 17
Suppose -6*b + b - 1680 = -5*p, 2*p = -4*b + 654. What are the prime factors of p?
3, 37
Let c = 2517 + -1294. What are the prime factors of c?
1223
Suppose -h = -48 - 46. Suppose -3*x - 3*i = -288, x - h = 3*i - 2*i. List the prime factors of x.
5, 19
Let v(j) = 0 + 2 + 1 + 4*j - 5. Let r(s) = s + 8. Let c be r(-6). What are the prime factors of v(c)?
2, 3
Let p(y) = 4*y**2 + y + 14. Let v(o) = o**2. Let i(n) = p(n) - 3*v(n). Let l(x) = x**2 - 5*x - 6. Let f be l(6). List the prime factor